 to base 4
1001
Convert 23 (base 7) to base 9.
18
What is -130 (base 6) in base 8?
-66
Convert 61 (base 10) to base 3.
2021
Convert -2 (base 7) to base 2.
-10
1 (base 16) to base 10
1
What is 12 (base 7) in base 5?
14
Convert -1001 (base 3) to base 14.
-20
-143 (base 5) to base 16
-30
9 (base 15) to base 10
9
Convert 47 (base 11) to base 13.
3c
Convert 1 (base 2) to base 5.
1
What is -55 (base 11) in base 12?
-50
What is -51 (base 11) in base 8?
-70
1f (base 16) to base 4
133
-111 (base 3) to base 13
-10
53 (base 12) to base 10
63
What is 2 (base 3) in base 6?
2
Convert -115 (base 7) to base 16.
-3d
What is -1002 (base 3) in base 4?
-131
What is 44 (base 13) in base 4?
320
What is -20 (base 7) in base 3?
-112
9 (base 13) to base 6
13
464 (base 8) to base 11
260
22 (base 4) to base 6
14
4 (base 10) to base 16
4
Convert e (base 15) to base 2.
1110
-b (base 15) to base 10
-11
Convert 10110 (base 2) to base 15.
17
What is 85 (base 12) in base 9?
122
What is -2 (base 6) in base 5?
-2
What is e (base 16) in base 9?
15
-1 (base 9) to base 13
-1
What is -26 (base 12) in base 2?
-11110
-130 (base 4) to base 8
-34
1 (base 3) to base 10
1
Convert 0 (base 15) to base 9.
0
3 (base 4) to base 8
3
What is -2 (base 13) in base 2?
-10
-106 (base 9) to base 16
-57
What is 5 (base 10) in base 16?
5
Convert 3 (base 16) to base 15.
3
Convert 44 (base 5) to base 15.
19
What is -2 (base 5) in base 3?
-2
What is 5 (base 11) in base 3?
12
Convert 42 (base 6) to base 9.
28
What is 1140 (base 6) in base 12?
1b0
What is -2 (base 14) in base 10?
-2
Convert 78 (base 9) to base 8.
107
What is -4 (base 15) in base 7?
-4
What is 1 (base 13) in base 7?
1
Convert -41 (base 9) to base 2.
-100101
What is -a (base 15) in base 12?
-a
What is 67 (base 8) in base 15?
3a
Convert 1101111 (base 2) to base 10.
111
Convert 52 (base 6) to base 12.
28
Convert 3 (base 8) to base 12.
3
4 (base 13) to base 10
4
-18 (base 16) to base 10
-24
What is b (base 13) in base 10?
11
Convert -3 (base 9) to base 7.
-3
What is -11 (base 2) in base 10?
-3
Convert -32 (base 6) to base 3.
-202
27 (base 11) to base 8
35
Convert 11 (base 5) to base 9.
6
Convert 0 (base 2) to base 9.
0
Convert 1 (base 11) to base 5.
1
Convert 0 (base 5) to base 11.
0
What is -10 (base 6) in base 5?
-11
110 (base 9) to base 3
10100
1 (base 11) to base 14
1
What is -5 (base 7) in base 5?
-10
What is -24 (base 10) in base 3?
-220
What is -1 (base 15) in base 5?
-1
4 (base 8) to base 15
4
Convert 1e (base 15) to base 12.
25
What is 101 (base 3) in base 16?
a
What is 6 (base 8) in base 14?
6
What is -6 (base 14) in base 10?
-6
Convert 6 (base 14) to base 9.
6
Convert 5 (base 11) to base 5.
10
Convert -2 (base 10) to base 3.
-2
-4 (base 7) to base 2
-100
101 (base 3) to base 6
14
What is -267 (base 8) in base 14?
-d1
What is 3 (base 16) in base 6?
3
What is 12 (base 3) in base 4?
11
What is -1000 (base 2) in base 10?
-8
What is 303 (base 4) in base 11?
47
Convert 8 (base 10) to base 11.
8
-13 (base 4) to base 8
-7
What is 101 (base 2) in base 12?
5
What is 212 (base 3) in base 11?
21
Convert -11011110 (base 2) to base 15.
-ec
3 (base 14) to base 10
3
232 (base 4) to base 10
46
Convert -117 (base 12) to base 8.
-243
101 (base 7) to base 8
62
-12210 (base 3) to base 15
-a6
What is 120 (base 13) in base 5?
1240
What is 12 (base 9) in base 13?
b
-2 (base 7) to base 14
-2
Convert -3 (base 8) to base 4.
-3
5 (base 11) to base 2
101
Convert 2 (base 4) to base 6.
2
-25 (base 7) to base 9
-21
Convert a (base 12) to base 11.
a
2211 (base 3) to base 4
1030
-412 (base 9) to base 10
-335
13 (base 16) to base 9
21
Convert -14 (base 9) to base 5.
-23
Convert 2 (base 13) to base 14.
2
Convert 11 (base 14) to base 10.
15
40 (base 13) to base 9
57
Convert -3 (base 6) to base 5.
-3
146 (base 8) to base 10
102
What is 3 (base 8) in base 4?
3
-10020 (base 3) to base 13
-69
167 (base 8) to base 11
a9
What is 41 (base 9) in base 6?
101
What is -522 (base 8) in base 5?
-2323
What is 12 (base 7) in base 11?
9
What is 1 (base 15) in base 3?
1
Convert 16 (base 16) to base 11.
20
-36 (base 8) to base 14
-22
-1 (base 10) to base 7
-1
-49 (base 10) to base 5
-144
What is -a7 (base 12) in base 14?
-91
What is 10 (base 7) in base 11?
7
Convert -39 (base 14) to base 13.
-3c
Convert -211 (base 4) to base 13.
-2b
73 (base 16) to base 5
430
What is -1 (base 15) in base 3?
-1
What is 0 (base 12) in base 9?
0
3 (base 4) to base 15
3
-211 (base 3) to base 12
-1a
Convert 16 (base 10) to base 3.
121
Convert -34 (base 10) to base 3.
-1021
What is -301 (base 8) in base 3?
-21011
What is 30 (base 8) in base 10?
24
Convert 21 (base 5) to base 2.
1011
Convert -12 (base 12) to base 15.
-e
Convert -8 (base 14) to base 10.
-8
20 (base 5) to base 3
101
Convert 11200 (base 4) to base 5.
2402
Convert -10 (base 12) to base 5.
-22
What is 3 (base 16) in base 8?
3
What is -56 (base 7) in base 4?
-221
-221 (base 9) to base 12
-131
Convert a (base 15) to base 2.
1010
8 (base 10) to base 13
8
Convert -3 (base 14) to base 12.
-3
What is -308 (base 11) in base 7?
-1040
Convert -3 (base 4) to base 7.
-3
Convert -11000 (base 2) to base 6.
-40
-12 (base 9) to base 11
-10
What is 120 (base 3) in base 10?
15
Convert 104 (base 5) to base 14.
21
What is 100000001 (base 2) in base 11?
214
Convert -5 (base 9) to base 15.
-5
-1 (base 9) to base 15
-1
Convert -1001 (base 4) to base 14.
-49
Convert -1 (base 6) to base 11.
-1
What is -2b (base 13) in base 6?
-101
-101 (base 3) to base 14
-a
-10100011 (base 2) to base 8
-243
-10 (base 11) to base 15
-b
-1 (base 12) to base 2
-1
Convert -11100 (base 2) to base 3.
-1001
Convert -7c (base 15) to base 5.
-432
Convert -4 (base 8) to base 7.
-4
What is -22 (base 6) in base 9?
-15
Convert -1 (base 5) to base 13.
-1
-217 (base 9) to base 15
-bd
Convert -16 (base 10) to base 12.
-14
What is 14 (base 12) in base 8?
20
What is -106 (base 7) in base 4?
-313
What is 2 (base 15) in base 4?
2
2 (base 5) to base 9
2
-2 (base 6) to base 10
-2
What is -10111 (base 2) in base 11?
-21
2 (base 16) to base 3
2
Convert 1 (base 7) to base 16.
1
What is 521 (base 8) in base 13?
1cc
Convert -24 (base 5) to base 10.
-14
-11 (base 6) to base 14
-7
What is -4 (base 16) in base 5?
-4
Convert 31 (base 13) to base 12.
34
What is 1 (base 5) in base 9?
1
2 (base 3) to base 4
2
What is 10110000 (base 2) in base 7?
341
1 (base 16) to base 4
1
Convert 11 (base 16) to base 2.
10001
What is 4 (base 11) in base 14?
4
4 (base 11) to base 10
4
What is -4 (base 5) in base 13?
-4
Convert 1 (base 12) to base 13.
1
What is 2 (base 11) in base 4?
2
Convert 30 (base 8) to base 14.
1a
1 (base 15) to base 10
1
Convert 198 (base 12) to base 7.
521
21 (base 7) to base 10
15
0 (base 8) to base 7
0
6 (base 12) to base 15
6
Convert 0 (base 15) to base 11.
0
What is 4 (base 5) in base 9?
4
Convert -21 (base 7) to base 10.
-15
What is -21 (base 7) in base 4?
-33
What is -11 (base 4) in base 3?
-12
What is -3 (base 6) in base 13?
-3
Convert a (base 16) to base 5.
20
Convert 50 (base 8) to base 13.
31
What is 26 (base 7) in base 16?
14
Convert 0 (base 3) to base 14.
0
Convert 100 (base 2) to base 5.
4
Convert 84 (base 11) to base 6.
232
10 (base 8) to base 4
20
What is -5 (base 8) in base 5?
-10
-46 (base 9) to base 3
-1120
43 (base 12) to base 8
63
What is 1 (base 9) in base 7?
1
What is -22 (base 3) in base 13?
-8
Convert 8b (base 12) to base 7.
212
5 (base 7) to base 15
5
What is -201 (base 3) in base 12?
-17
What is -14 (base 5) in base 15?
-9
Convert 0 (base 4) to base 12.
0
Convert -11 (base 3) to base 5.
-4
Convert 111 (base 2) to base 5.
12
21 (base 8) to base 11
16
Convert 5 (base 7) to base 12.
5
24 (base 14) to base 8
40
Convert -4 (base 6) to base 3.
-11
Convert -4 (base 16) to base 11.
-4
-1 (base 4) to base 13
-1
Convert -8 (base 15) to base 16.
-8
10 (base 2) to base 6
2
What is 2 (base 13) in base 9?
2
10 (base 2) to base 7
2
Convert 11 (base 2) to base 11.
3
Convert 10002 (base 3) to base 15.
58
Convert 25 (base 7) to base 6.
31
What is 1 (base 13) in base 4?
1
-10 (base 3) to base 8
-3
10 (base 2) to base 8
2
What is 14 (base 5) in base 6?
13
19 (base 11) to base 9
22
Convert -3 (base 13) to base 3.
-10
What is -5 (base 14) in base 7?
-5
Convert -213 (base 4) to base 9.
-43
Convert 82 (base 